3*r. Let y = 210 + -166. Calculate the highest common divisor of r and y.
44
Let w(y) = -y**2 + 33*y - 48. Let m be w(31). Suppose 0*b = -5*b + 5*v + 45, -2*b = -v - 23. What is the highest common divisor of m and b?
14
Let t(o) = -o**3 + o**2 - 1. Let n(b) = 5*b**3 - 8*b**2 - 8*b + 16. Let a(y) = n(y) + 4*t(y). Let s be a(8). Calculate the highest common divisor of s and 12.
12
Suppose 0 = -4*k + k + 348. Let g = 1130 + -1101. What is the highest common factor of g and k?
29
Suppose 132 = -4*g - 4*h, 2*g - g + 21 = -5*h. Let m = -31 - g. Calculate the greatest common divisor of 5 and m.
5
Suppose -61*b = -58*b + 24. Let v = 212 - b. Calculate the greatest common divisor of 11 and v.
11
Let f = -33 - -49. Let i be -24*f*3/(-9). Calculate the highest common divisor of 16 and i.
16
Suppose 5*f + 5 = 0, -p - f = 125 - 187. What is the highest common divisor of 36 and p?
9
Suppose 0 = -3*i + 92 - 47. Let r(k) = -k**3 + 7*k**2 + k + 3. Let j(c) = c + 15. Let o be j(-8). Let d be r(o). What is the highest common factor of i and d?
5
Suppose -6 = 2*w, 45 = -4*o + 4*w + 1033. Suppose 3*v + 4*k - 188 = 0, -4*v - 2*k + o = -0*v. Calculate the greatest common divisor of v and 20.
20
Let a be ((-14)/3)/(17/(-153)). Suppose -a*x + 39*x = -66. What is the highest common divisor of 55 and x?
11
Let z be -4*2/(-20)*20. Let m = z - 7. Let p(w) = 7*w - 1. Let q be p(m). Calculate the greatest common factor of q and 6.
6
Let i(b) = 47*b - 655. Let h be i(14). Suppose m - 54 = -m. What is the highest common factor of h and m?
3
Suppose 3*l + 2*l = 2*k + 189, -5*k = -2*l + 63. Let y be (-2334)/l - (-4)/(-26). Let j be (-40)/(-6)*y/(-8). Calculate the greatest common factor of 75 and j.
25
Let v(y) = 2*y - 5. Let o be v(5). Suppose o*x - 112 = 4*i + 157, -2*i = -3*x + 163. Let p = x + -33. Calculate the greatest common divisor of 12 and p.
12
Let k(i) = i + 20. Suppose 0 = 2*l + 7 + 21. Let n be k(l). Suppose 0 = -n*x + 78 + 120. Calculate the greatest common divisor of x and 3.
3
Suppose 0 = -4*y - y + 25. Suppose -3*i = 9, -y*k - 2*i + 234 = -5*i. Calculate the greatest common divisor of 9 and k.
9
Let d = -34 - -38. Suppose -h - 98 = -2*i + h, 169 = d*i + 5*h. What is the highest common factor of i and 230?
46
Let r(d) = -2*d**3 + 114*d**2 - 2*d + 141. Let c be r(57). What is the greatest common divisor of 216 and c?
27
Suppose -136*m - 3672 = -163*m. Suppose 2 = 2*k, -70 = -4*q - 5*k + 3*k. Calculate the greatest common factor of q and m.
17
Let d be (-1)/(280/(-55) + 5). What is the greatest common divisor of d and 308?
11
Suppose 5*t = -1 + 41. Let o(b) = -b**3 - 9*b**2 - 5*b - 12. Let u be o(-8). Let l = u + 124. What is the greatest common divisor of l and t?
8
Suppose 0 = 64*u - 1077 - 75. Let k(m) = m**2 + 2*m + 3. Let o be k(-5). What is the greatest common factor of u and o?
18
Let f(o) = -o**3 + 2*o**2 - 2*o + 72. Let k be f(0). What is the greatest common divisor of k and 18?
18
Suppose 9*q - 14*q - 2*b = -1612, 2*q - b - 643 = 0. Calculate the highest common factor of q and 46.
46
Suppose -8 = 4*l, 5*l + 53 = -m + 55. Suppose -288 = -5*g + 2*g. Calculate the greatest common factor of g and m.
12
Let w = -773 + 983. What is the greatest common divisor of 1176 and w?
42
Let b be -5*((-1114)/30 - 7/(-21)). What is the greatest common divisor of 1 and b?
1
Let f(d) = -2*d - 27. Let q be f(-15). Suppose -2*y = q*a - 173, -125 = -2*y + a + 60. Calculate the highest common factor of 7 and y.
7
Let t(f) = f**2 + 16*f + 39. Let d be t(-16). What is the greatest common divisor of d and 39?
39
Suppose -v - 8 = -41. Let n = 743 + -512. What is the greatest common divisor of n and v?
33
Let f be (3/6)/(2/44). Let g = -7 + f. Let h be (-60)/(-18) + 4/6. What is the highest common divisor of h and g?
4
Suppose -7*g + 30 = -g. Suppose -4*f + 0*d + 84 = 4*d, g*f - 114 = 4*d. What is the highest common factor of f and 11?
11
Suppose -8*c = -11*c - x + 91, 22 = c + 2*x. Calculate the greatest common divisor of c and 112.
16
Suppose -101 = -7*p + 74. Let f be (p/(-10))/(2/(-28)). Calculate the highest common divisor of f and 7.
7
Suppose 5*n - 659 + 289 = 0. What is the greatest common divisor of n and 185?
37
Suppose 0 = -3*v + 96 + 201. Let m = v + -34. What is the greatest common factor of 26 and m?
13
Let g = -3 + 30. Calculate the greatest common divisor of g and 45.
9
Suppose 9*r + 6 = 15*r. Calculate the greatest common factor of 97 and r.
1
Suppose -4*o - 3*k = 19, 2*o - k = -3*o. Let b be 1/(3 + 875/(-290))*o. Calculate the highest common factor of 145 and b.
29
Suppose -2*d - 11 = -2*y + 5, y - 5*d = 4. What is the highest common factor of y and 15?
3
Let n(r) = -8*r + 1 - 12 - 11 - 3. Let d be n(-5). Calculate the highest common factor of 75 and d.
15
Let f = 11 - 17. Suppose -4*t - t + 20 = 0, 0 = -3*l - 3*t - 27. Let b be (-312)/l*(-4)/f. What is the greatest common divisor of b and 24?
8
Let r be (3 + -9 + 5)*0. Let m be -5 - (-5 + r - 224). Calculate the highest common factor of m and 16.
16
Suppose -11 + 37 = -5*f - 4*u, -f = -2*u + 8. Let m = f + 21. Suppose x - 56 = -5*g + 104, 2*x - 290 = -4*g. Calculate the greatest common factor of x and m.
15
Let j = -26 - -76. Suppose 0 = -22*z + 23*z - 20. What is the highest common divisor of j and z?
10
Suppose 2*n - 3*r + 36 = 7*n, 5*r = 5*n - 20. What is the greatest common factor of 96 and n?
6
Let n = 961 + -751. Calculate the highest common divisor of n and 7.
7
Let o = 33 + -36. Let g be (5 + -4 - o) + 8. Let c be (-362)/(-5) + (-2)/5. What is the highest common factor of c and g?
12
Let j(b) = b**2 + 5*b - 18. Let m be (-68)/7 + (-4)/14. Let z be j(m). Calculate the highest common divisor of z and 16.
16
Let q be (-10)/4 - (-6371)/46. Calculate the greatest common factor of 51 and q.
17
Suppose 13 = 6*a - 2*a - 3*f, -4*f = 4*a + 8. Let g be 75/18 - 1/6*a. What is the greatest common factor of 32 and g?
4
Let z be (14/35)/((-1)/(-10)). Suppose -5*f + 84 = -f + z*i, 2*f - 27 = 3*i. Let o be (8 - 2)*6/f. What is the highest common factor of o and 3?
1
Suppose -471 = -14*h - 121. What is the greatest common factor of h and 40?
5
Let w(n) = -n**3 + 10*n**2 + 6*n + 10. Let f be w(10). Suppose f = -9*z + 16*z. What is the highest common factor of 6 and z?
2
Suppose p = 5*c + 12, -5*p + 0*c = 3*c - 60. Let m(t) = t**2 - 4*t - 1. Let b be m(7). What is the highest common factor of p and b?
4
Let p(a) = 2*a**3 - a**2 - 3*a + 3. Let j be p(2). Let b be (-28)/(-21)*(-21)/(-4). Suppose -b*z = -11*z + 180. Calculate the highest common factor of j and z.
9
Let r = 113 + -80. Calculate the greatest common factor of 264 and r.
33
Suppose -4*h + 0*h = 5*f + 316, 5*f + h + 319 = 0. Let j = f - -339. Calculate the greatest common factor of j and 25.
25
Let k be ((-2)/(-8) - 1)*72. Let j = k + 83. Calculate the greatest common factor of 203 and j.
29
Let j(w) = 4*w - 9. Let v be j(7). Suppose -m = -2*l + v, -2*l + 21 = -0*l - 3*m. Suppose -5*a - 36 = -l*a. What is the greatest common factor of a and 72?
9
Let m be (-12)/(-5)*70/28. Let z be m/(((-135)/80)/(-9)). Let t(b) = 6*b**2 + 6*b + 8. Let u be t(-4). Calculate the highest common factor of z and u.
16
Let r be -3*15/(-9)*2. Suppose -7*v + 8*v - r = 0. Suppose 9 = v*b - 9*b. Calculate the greatest common factor of b and 45.
9
Let d(q) = 4*q**2 - 2 - 2*q - q**2 - 7*q. Let s be d(4). What is the highest common divisor of s and 80?
10
Suppose 24*v = 143 + 217. What is the greatest common factor of 60 and v?
15
Suppose -10 = 2*a + 14. Let t(r) = r**3 - r**2 + r + 21. Let u be t(0). Let n = u + a. Calculate the greatest common divisor of n and 72.
9
Suppose -2*p + 6*p = -3*y, 4*p - 5*y = 0. Suppose -5*l - 8 = -s, p*s + 13 = 4*s - l. What is the highest common divisor of s and 15?
3
Let i be ((-3)/3)/(4/(-268 + 0)). Suppose -64*y - 21 = -i*y. What is the greatest common factor of y and 1?
1
Let t = -708 + 794. What is the highest common divisor of 387 and t?
43
Let h be 19 + -4*4/(-16). Let r be 9/(-3) + -1 + 1. Let t be 72/((18/(-15))/r). What is the greatest common factor of t and h?
20
Suppose 442 = 3*o - 89. What is the highest common divisor of o and 118?
59
Let g = 77 - 65. Suppose -4*d - 5*p + g + 37 = 0, 3*p = d - 8. What is the greatest common divisor of d and 11